{"id":52,"date":"2018-08-21T01:27:55","date_gmt":"2018-08-21T01:27:55","guid":{"rendered":"http:\/\/dicassaudaveis.club\/?page_id=52"},"modified":"2018-08-21T01:27:55","modified_gmt":"2018-08-21T01:27:55","slug":"termos-de-uso","status":"publish","type":"page","link":"https:\/\/dicassaudaveis.club\/?page_id=52","title":{"rendered":"Termos de Uso"},"content":{"rendered":"<p><strong>Informa\u00e7\u00f5es importantes sobre o \u201cDicas Saud\u00e1veis\u201d<\/strong><\/p>\n<p>\u00c9 de suma import\u00e2ncia a leitura dos t\u00f3picos relacionados aos princ\u00edpios e condutas legais do site \u201cDicas Saud\u00e1veis\u201d, para que a expectativa do visitante do site \u201cDicas Saud\u00e1veis\u201d seja alcan\u00e7ada.<\/p>\n<p>O \u201cDicas Saud\u00e1veis\u201d \u00e9 um website que disponibiliza informa\u00e7\u00f5es s\u00e9rias de car\u00e1ter exclusivamente educativo sobre o assunto sa\u00fade, se utilizando de uma linguagem de f\u00e1cil leitura para que o leitor leigo seja beneficiado. O site \u201cDicas Saud\u00e1veis\u201d de maneira nenhuma substitui aconselhamento ou diagn\u00f3stico m\u00e9dico.<\/p>\n<p>&nbsp;<\/p>\n<p><strong>Autoridade do site \u201cDicas Saud\u00e1veis\u201d<\/strong><\/p>\n<p>As informa\u00e7\u00f5es publicadas no site \u201cDicas Saud\u00e1veis\u201d s\u00e3o criadas por pessoas que estudam afundo sobre os diversos temas da sa\u00fade, sem tomar o papel de um profissional da sa\u00fade, mas no intuito de fornecer informa\u00e7\u00f5es adquiridas de diversas fontes acad\u00eamicas a fim de transparecer ao leitor credibilidade e confian\u00e7a. O site est\u00e1 dispon\u00edvel para receber dicas e conte\u00fados de visitantes, bastando entrar em contato conosco no formul\u00e1rio de contato. Para que o seu conte\u00fado seja publicado ser\u00e1 necess\u00e1ria uma avalia\u00e7\u00e3o pr\u00e9via t\u00e9cnica e legal de que seu conte\u00fado n\u00e3o esteja contra as pol\u00edticas de privacidade e de uso do site \u201cDicas Saud\u00e1veis\u201d e de nossos parceiros.<\/p>\n<p>&nbsp;<\/p>\n<p><strong>Prop\u00f3sito do site \u201cDicas Saud\u00e1veis\u201d<\/strong><\/p>\n<p>O objetivo principal do site \u201cDicas Saud\u00e1veis\u201d \u00e9 fornecer ao p\u00fablico leigo informa\u00e7\u00f5es em linguagem simples e de f\u00e1cil leitura, sobre diversas \u00e1reas da sa\u00fade e bem estar, como por exemplo, queda de cabelo, dicas de sa\u00fade, nutri\u00e7\u00e3o, beleza entre outras categorias ligadas a sa\u00fade. Em hip\u00f3tese alguma as informa\u00e7\u00f5es fornecidas no site \u201cDicas Saud\u00e1veis\u201d ter\u00e3o car\u00e1ter de substitui\u00e7\u00e3o a tratamentos e\/ou aconselhamentos m\u00e9dicos.<\/p>\n<p>&nbsp;<\/p>\n<p><strong>Confidencialidade do site \u201cDicas Saud\u00e1veis\u201d<\/strong><\/p>\n<p>Toda e qualquer informa\u00e7\u00e3o recolhida pelo site \u201cDicas Saud\u00e1veis\u201d, como o endere\u00e7o de email, nunca poder\u00e1 ser vendida, cedida ou repassada a terceiros, exceto em caso exigidos por lei. O visitante do \u201cDicas Saud\u00e1veis\u201d poder\u00e1 verificar a pol\u00edtica de confidencialidade completa atrav\u00e9s de nossa p\u00e1gina de Pol\u00edtica de Privacidade.<\/p>\n<p>&nbsp;<\/p>\n<p><strong>Refer\u00eancias do \u201cDicas Saud\u00e1veis\u201d<\/strong><\/p>\n<p>Todo conte\u00fado do site \u201cDicas Saud\u00e1veis\u201d \u00e9 produzido com base em artigos cient\u00edficos obtidos pelo \u201cGoogle Acad\u00eamico\u201d ou sites de proced\u00eancia internacional com o intuito de filtrar as informa\u00e7\u00f5es mais importantes de cada assunto explorado pelo site \u201cDicas Saud\u00e1veis\u201d no que se refere ao assunto sa\u00fade.<\/p>\n<p>&nbsp;<\/p>\n<p><strong>Fonte de Financiamento<\/strong><\/p>\n<p>O site \u201cDicas Saud\u00e1veis\u201d \u00e9 financiado por renda oriunda de publicidades online.<\/p>\n<p>&nbsp;<\/p>\n<p><strong>Honestidade na Pol\u00edtica Publicit\u00e1ria e Editorial<\/strong><\/p>\n<p>O site \u201cDicas Saud\u00e1veis\u201d exibe an\u00fancios do Google. N\u00f3s do site \u201cDicas Saud\u00e1veis\u201d n\u00e3o temos o controle do conte\u00fado que tais an\u00fancios exibem, sendo que o nosso conte\u00fado \u00e9 totalmente livre de qualquer influ\u00eancia comercial.<\/p>\n<p>O site \u201cDicas Saud\u00e1veis\u201d aloja diversos links e banners publicit\u00e1rios, sendo a publicidade distinguida pela palavra \u201cPublicidade\u201d e\/ou \u201cAn\u00fancios Google\u201d.<\/p>\n<p>O site \u201cDicas Saud\u00e1veis\u201d \u00e9 independente de qualquer empresa e \u00e9 totalmente imparcial n\u00e3o estando ligada a nenhuma ind\u00fastria ou laborat\u00f3rio farmac\u00eautico. O site \u201cDicas Saud\u00e1veis\u201d n\u00e3o promove produtos que dependem de patroc\u00ednios, sendo a publicidade da mesma totalmente imparcial e independente.<\/p>\n<p>N\u00e3o toleramos nenhum tipo de rela\u00e7\u00e3o entre publicidade e informa\u00e7\u00f5es no site \u201cDicas Saud\u00e1veis\u201d.<\/p>\n","protected":false},"excerpt":{"rendered":"<p>Informa\u00e7\u00f5es importantes sobre o \u201cDicas Saud\u00e1veis\u201d \u00c9 de suma import\u00e2ncia a leitura dos t\u00f3picos relacionados aos princ\u00edpios e condutas legais do site \u201cDicas Saud\u00e1veis\u201d, para que a expectativa do visitante do site \u201cDicas Saud\u00e1veis\u201d seja alcan\u00e7ada. O \u201cDicas Saud\u00e1veis\u201d \u00e9 um website que disponibiliza informa\u00e7\u00f5es s\u00e9rias de car\u00e1ter exclusivamente educativo sobre o assunto sa\u00fade, se &#8230; <a title=\"Termos de Uso\" class=\"read-more\" href=\"https:\/\/dicassaudaveis.club\/?page_id=52\" aria-label=\"Read more about Termos de Uso\">Ler mais<\/a><\/p>\n","protected":false},"author":1,"featured_media":0,"parent":0,"menu_order":0,"comment_status":"closed","ping_status":"closed","template":"","meta":{"footnotes":""},"class_list":["post-52","page","type-page","status-publish"],"_links":{"self":[{"href":"https:\/\/dicassaudaveis.club\/index.php?rest_route=\/wp\/v2\/pages\/52","targetHints":{"allow":["GET"]}}],"collection":[{"href":"https:\/\/dicassaudaveis.club\/index.php?rest_route=\/wp\/v2\/pages"}],"about":[{"href":"https:\/\/dicassaudaveis.club\/index.php?rest_route=\/wp\/v2\/types\/page"}],"author":[{"embeddable":true,"href":"https:\/\/dicassaudaveis.club\/index.php?rest_route=\/wp\/v2\/users\/1"}],"replies":[{"embeddable":true,"href":"https:\/\/dicassaudaveis.club\/index.php?rest_route=%2Fwp%2Fv2%2Fcomments&post=52"}],"version-history":[{"count":0,"href":"https:\/\/dicassaudaveis.club\/index.php?rest_route=\/wp\/v2\/pages\/52\/revisions"}],"wp:attachment":[{"href":"https:\/\/dicassaudaveis.club\/index.php?rest_route=%2Fwp%2Fv2%2Fmedia&parent=52"}],"curies":[{"name":"wp","href":"https:\/\/api.w.org\/{rel}","templated":true}]}}